uppose -5*w = -10, -4*o - o = 3*w - 10361. What are the prime factors of o?
19, 109
Let l(g) = -g**3 + 2*g**2 + 3*g + 3. Let k be l(3). Suppose 0*s - 4*o - 220 = -4*s, -5*s = k*o - 299. List the prime factors of s.
2, 29
Suppose 5*y - 4*u - 2277 = 0, -3*y - 459 = -4*y + 2*u. Suppose -d - 449 = -5*b, 2*d + y = 2*b + 3*b. List the prime factors of b.
89
Suppose -11*m = -67034 + 5478. List the prime factors of m.
2, 1399
What are the prime factors of 493 - -9*(-12)/(-18)?
499
Let k(z) = z**3 - 26*z**2 + 13*z + 115. What are the prime factors of k(27)?
5, 239
Let c be 3/12 + 21/(-4). Let i(y) = -y**3 - 3*y**2 - 2*y - 4. List the prime factors of i(c).
2, 7
Suppose 5400 = -5*a - 5340. Let c = -1437 - a. Suppose -3*v + c = 6*v. What are the prime factors of v?
79
Let y = -79 - -265. Suppose -y = 2*m - 4*m. What are the prime factors of m?
3, 31
Let v(b) = -b + 29. Let c be v(26). Suppose -c*f = 2*f - 720. List the prime factors of f.
2, 3
Suppose -r + 24310 = 25*r. List the prime factors of r.
5, 11, 17
Let y = 27 - 15. Let p be 5*3/(y/68). Suppose v - p = -4*v. What are the prime factors of v?
17
Suppose -2*z + 1 = 5, g - 1933 = 3*z. List the prime factors of g.
41, 47
Suppose 2*o - c - 2965 = 0, -o - 2*c + 1484 = -c. List the prime factors of o.
1483
Suppose -80*l + 74851 = -43*l. What are the prime factors of l?
7, 17
Let j = 95 - 54. Let g be -3 + (-15)/((-6)/2). Suppose -g*i + j = 3. What are the prime factors of i?
19
Suppose 0 = 8*h - 4*h - 140. Let n = -11 + h. List the prime factors of n.
2, 3
Let z(n) = -42*n**3 + 4*n**2 - 4*n + 4. Let h be z(2). What are the prime factors of 40/6*h/(-45)?
2, 3
Suppose 9 = -5*l + 24. Suppose -5 = -4*r + l. Suppose -46 = -2*c - b, 4*c - 6*b - 80 = -r*b. What are the prime factors of c?
2, 11
Suppose -2*d = 3*z - 4183, 5*z - 6957 = -5*d + 9*d. What are the prime factors of z?
7, 199
Suppose 3*m - 2*d - 1161 - 71 = 0, 407 = m + 3*d. What are the prime factors of m?
2, 5, 41
Let l(r) = 53*r**2 + 5*r + 53. List the prime factors of l(-5).
3, 11, 41
Suppose -82 - 3 = -q. Suppose 4*s - 1 = -q. Let r = -7 - s. What are the prime factors of r?
2, 7
Suppose -162 = s - 717. What are the prime factors of s?
3, 5, 37
List the prime factors of (-5)/(-20)*3 - 26065/(-20).
2, 163
List the prime factors of 2844 - ((-240)/(-12))/4.
17, 167
Let d(k) = -2*k - 5. Let o be d(-5). Suppose -6*g + 905 = 905. Suppose o*q = -g*q + 195. What are the prime factors of q?
3, 13
Let i = -1357 - -1944. What are the prime factors of i?
587
Suppose 11*i = i - 2*i. Suppose i*n - 141 = -3*n. List the prime factors of n.
47
Suppose -2*x = -36 + 196. Let b = 131 + x. What are the prime factors of b?
3, 17
What are the prime factors of (-37158)/(-57) + ((-36)/19 - -2)?
2, 163
What are the prime factors of 37684/30 - (-12)/(-1350)*15?
2, 157
Let t = -115 - -117. Suppose -t*d + 345 - 107 = 0. What are the prime factors of d?
7, 17
Suppose 0 = -59*i + 55*i + 20. Suppose 0 = 3*z + m - 690, i*z - 9*z - 2*m = -922. What are the prime factors of z?
229
Let q = 421 - 251. What are the prime factors of q?
2, 5, 17
Let w(r) = -5*r**3 + 3*r**2 + 4*r - 3. Let j be w(3). Let z = j + 151. List the prime factors of z.
2, 13
Let k(m) = 2*m**2 + 17*m - 53. What are the prime factors of k(5)?
2, 41
Let q(f) = -4*f**3 + f**2 - 1. Let k be q(-1). Suppose -n - 54 = k*s, -115 = 2*n - 3*s - 7. What are the prime factors of (n/(-5))/(16/40)?
3
Suppose 3*h - 1426 = 2*y - 5397, -2*y = -5*h - 3977. List the prime factors of y.
7, 283
Let g be 217/5 - 30/(-50). Let q = g - -70. Let x = 189 - q. What are the prime factors of x?
3, 5
Let j be (1 + 5)*15/(-45). List the prime factors of (-8 + 2149/(-14))*4/j.
17, 19
List the prime factors of (-63785)/(-19) + -1 + (-255)/(-285).
3, 373
Let j(r) be the third derivative of r**5/60 - r**3/6 - 2*r**2. Let f be j(-2). Suppose 3 = -f*s, 0 = -5*k - 0*k + s + 46. What are the prime factors of k?
3
Suppose 6*b + 15 = 9. List the prime factors of (32/5)/(b/(-15)).
2, 3
Let u = 88 - 88. Suppose 3*g = 5*x - 4*x - 125, u = -2*g - 2. List the prime factors of x.
2, 61
Let x be ((-6)/12)/((-3)/30). Let w = -16 + 33. Suppose w + 53 = x*s. List the prime factors of s.
2, 7
Suppose 4*l + 8323 = 5*b, -6*b = -2*b - 3*l - 6658. What are the prime factors of b?
1663
Suppose -4*n - 72 = q - 0*n, 4*q + 4*n = -324. Let r = q - -203. What are the prime factors of r?
7, 17
Let b = 69 - 309. List the prime factors of ((-70)/(-42))/((-2)/b).
2, 5
Suppose -12*p + 272 = -160. What are the prime factors of 389/3 + (-24)/p?
3, 43
Let r(d) = -10 - 7 + 2*d + 0 + 21. What are the prime factors of r(4)?
2, 3
Suppose -3*y = -a - 4544, -2*y + 734 = -a - 2296. What are the prime factors of y?
2, 757
Suppose 11 = 10*g - 9*g. Let z(h) = h**3 + 3*h**2 - 4*h - 4. Let o be z(-3). Suppose -3*m - d = -0*d - o, 4*m + d - g = 0. List the prime factors of m.
3
Suppose l + 2 - 6 = 0. Let k be 24/(l - 0) + -3. Suppose 0 = k*z + z - 52. What are the prime factors of z?
13
Suppose 0 = 2*q + 3*w - 14 - 34, -4*q + 118 = -5*w. Suppose 3*z + 0 - q = 0. Let u(x) = -x**2 + 12*x + 8. List the prime factors of u(z).
5, 7
Let w = -564 - -953. List the prime factors of w.
389
Suppose -a = 5*y - 19550, -5*y + 19520 = -0*y - 5*a. What are the prime factors of y?
3, 1303
Let i(p) = -3*p**2 - 10. Let f be i(-6). Let z = 201 + f. List the prime factors of z.
83
Suppose -4*o = o - 15. Suppose -o*b + b - 16 = -4*d, d + 14 = -b. List the prime factors of (-2)/b - 59/(-6).
2, 5
Let p = 89 + -44. Let n be (2/(-4))/(5/40). List the prime factors of (n/3)/((-3)/p).
2, 5
Let k = 65 + -69. What are the prime factors of (-3)/k - (7 + 665/(-20))?
3
Let s = 8 + 4. Let x = s - 4. What are the prime factors of (148/(x/2))/1?
37
Let i(y) = 1. Let u(d) = 6*d + 15. Let q(b) = 4*i(b) + u(b). List the prime factors of q(8).
67
Let u = -19 - -11. Let z(l) = -l - 1. Let h be z(u). List the prime factors of (-2)/1*h/(-2).
7
What are the prime factors of 995/((2 - 8)/(-6))?
5, 199
Let s be -3 - (-6)/9*3. Let t be (6*s/(-2))/1. Suppose -4*l = 5*f - 10 - 26, 0 = -f + t*l - 8. List the prime factors of f.
2
Suppose -45 = 10*g - 4095. Suppose -34*h = -29*h - g. What are the prime factors of h?
3
Let q = 6 + 2. Let j be ((-174)/24)/((-2)/q). Let n = 53 - j. List the prime factors of n.
2, 3
List the prime factors of 112/6*((-533)/91 - -11).
2, 3
Suppose -4*g + n + 4*n = -1830, 2*g - 910 = 5*n. Suppose -z - 4*z + g = 0. List the prime factors of z.
2, 23
Let n = 12 + -10. Suppose -n*r - 74 = -3*r. Suppose 0 = 5*t + v - 168, -79 - r = -5*t + 4*v. What are the prime factors of t?
3, 11
Let w = -3 + 12. Let h(v) = 2*v + 2*v**2 - 7*v + 16*v - 3*v**2 - w. What are the prime factors of h(7)?
19
Suppose 2*k + 20 = 2*s, 7*k - 14 = -3*s + 2*k. Suppose -s*y = -13*y + 10. Suppose 0 = -y*t + 2*x - 6*x, -3*x = 9. What are the prime factors of t?
2, 3
Let l(i) = 5*i - 45. Let m be l(10). Suppose 0 = -3*x + m*x - 4*g - 48, 4*x = 5*g + 87. What are the prime factors of x?
2, 3
Let w(t) be the first derivative of -t**4/4 - t**2/2 + 1. Let g be w(-3). Suppose 8 = b + 3*l, -5*b - 3*l - 2*l + g = 0. List the prime factors of b.
5
Let a(m) be the first derivative of m**4/4 + m**3/3 - 2*m**2 + 2. Let w(t) be the second derivative of a(t). List the prime factors of w(2).
2, 7
Suppose 5*g - 67 = 173. Suppose g = -f - f. List the prime factors of ((-14)/(-6))/((-8)/f).
7
What are the prime factors of ((-2)/6)/(-1*(-5)/(-20715))?
1381
Suppose -3*q + 722 + 292 = 0. Suppose 13*r - q = 11*r. What are the prime factors of r?
13
Suppose -54*g - 2*g + 12376 = 0. What are the prime factors of g?
13, 17
Suppose -48 = 3*v + 3*y, 5*v + 71 = -3*y - 13. Let c = 18 + v. Suppose c = -t + 5*w + 5, -t = -4*t - 3*w + 51. List the prime factors of t.
3, 5
Suppose -4*p - 669 = 155. What are the prime factors of (-7 - -9)/((-4)/p)?
103
Let l = -39 - -69. Suppose f - 35 - l = 0. List the prime factors of f.
5, 13
Let p = 251 + -221. What are the prime factors of p?
2, 3, 5
Suppose -2*h = 3*h. Suppose 4*x - 4*l + h = 8, -4*x + 2*l + 10 = 0. Suppose -3*r + a = -122, x*a = 4*r + a - 162. What are the prime factors of r?
41
Let s be (7 + -9)*(0 + 1). Let k be ((-4)/(-6))/(s/(-390)). Suppose -4*b = b - k. What are the prime factors of b?
2, 13
Let v = 61 - 97. List the